 = 3*m + m. List the prime factors of m.
13
Suppose 3*m - 79 = -2*v + 2*m, 4*v - 157 = -m. List the prime factors of v.
3, 13
Let d(x) = -21*x**3 + x. Let z be d(-1). Suppose 2*a = -2*t + 22, -a - t = 3*t - z. List the prime factors of a.
2
Let w(y) = y**2 - 5*y + 4. Let s be w(5). Suppose 6 = 5*v - s. Suppose -3*l + 0*l = -v*h + 3, -5*l = -25. What are the prime factors of h?
3
Let h(u) = 6*u**2 + 34*u - 4. Let l(d) = d**2 + 7*d - 1. Let p(t) = 2*h(t) - 11*l(t). What are the prime factors of p(10)?
13
What are the prime factors of 155 + 8/(-40) + (-4)/5?
2, 7, 11
Suppose 0 = 4*t + 5*d - 69, 5*t - 5*d - 30 = 0. Let n = t + -7. Suppose -3*b + 54 = 4*h, 35 = 2*b + n*h - h. List the prime factors of b.
2, 11
Let k = 30 + -20. Suppose k = 2*m + 3*m. Let b = m - -7. List the prime factors of b.
3
Suppose 4*w - 3*w = 15. What are the prime factors of w?
3, 5
Let c = 72 + -49. What are the prime factors of c?
23
Let b(m) = m**3 + 4*m**2 - 5*m - 5. Let l be b(-5). Let j be (l - 1) + 0 + 2. Let w = j + 8. List the prime factors of w.
2
Let t(w) = 7*w + 15. List the prime factors of t(8).
71
Suppose 0*k = 3*k - 15. Suppose 71 = k*j - 29. List the prime factors of j.
2, 5
Let r = -38 + 64. List the prime factors of r.
2, 13
Let f(t) = -t**2 + 11*t - 1. Let a be f(6). Suppose 0 = -2*p - 4*d + 12, 4*p - 98 = d - a. What are the prime factors of p?
2
Let l(p) = 7*p - 2. List the prime factors of l(4).
2, 13
Suppose 8*j = j + 70. List the prime factors of j.
2, 5
List the prime factors of (-1)/(-4) + (-286)/(-8).
2, 3
Suppose 2*z - 5*z + 6 = 0. Suppose 2*i = 2*v - 46, 5*v + 74 = -6*i + z*i. Let x = i - -31. What are the prime factors of x?
2, 5
Let j be (-4)/6 - 170/6. Let f = -48 - -90. Let n = j + f. List the prime factors of n.
13
Let x(h) = h**3 + 3*h**2 - 2*h - 2. Let a be -9*(3/1)/9. List the prime factors of x(a).
2
Suppose r - 20 = 3*r. Let j be r/35 - (-9)/7. What are the prime factors of (14/(-8))/(j/(-4))?
7
Suppose -4*h = -8*h + 2*c + 26, 3*h - 23 = 5*c. Let r = 7 + h. List the prime factors of r.
13
Suppose 0 = -7*a + 6*a + 4*f - 5, 10 = -5*a + 5*f. Let t be (-3 - 11)*a/2. Let u(l) = -l + 17. What are the prime factors of u(t)?
2, 5
List the prime factors of 4/16*-2 + 377/2.
2, 47
Let t(q) = -13*q - 5. Let j(p) = -2 + 2 + 2 + 6*p. Let f(n) = 9*j(n) + 4*t(n). What are the prime factors of f(6)?
2, 5
List the prime factors of 2/(-7) + 2482/14.
3, 59
Suppose 0*c + 2*c = 10. Suppose 0*r - 3*r = -c*h + 36, 5*h = -2*r + 26. List the prime factors of h.
2, 3
Suppose 4*i + i - 19 = -2*y, 2*y - 5*i + 11 = 0. Suppose 5 = -y*x - 4*b - 3, -2*x = b + 8. List the prime factors of (3 - (-75)/(-12))*x.
13
List the prime factors of 36 - ((-12)/4 - -2).
37
Let u = 43 + -77. Let a = u - -67. List the prime factors of a.
3, 11
Let x = 71 - 49. What are the prime factors of x?
2, 11
Let z(j) = j**3 + 8*j**2 + 7*j - 3. Let k be z(-7). Let u = k - -2. What are the prime factors of 1 + -1 - -2 - u?
3
Let r(y) = 2*y**2 - 8*y. Let w be (27/(-18))/((-3)/10). List the prime factors of r(w).
2, 5
Let g(c) = 3*c + 5. Let l be g(-5). Let r = l - -18. List the prime factors of r.
2
Let l be (-1 + -1)/((-2)/43). Suppose 0 = 3*f + 5*r + 58, -3*r - l = 3*f - r. What are the prime factors of -3 - -1 - f*1?
3
List the prime factors of (254 - (5 + -5)) + 0 + 0.
2, 127
Let f = 5 + 3. Suppose -2*i + 40 = -f. List the prime factors of i.
2, 3
Suppose -2 - 14 = -2*f. List the prime factors of (-2)/f + (-148)/(-16).
3
Suppose 50 = -7*s + 2*s. Let a be 51/(-15) + (-4)/s. Let h(u) = u**3 + 5*u**2 + 3*u - 3. List the prime factors of h(a).
2, 3
Suppose -2*n + 2*b + 482 = 2*n, -4*b + 236 = 2*n. List the prime factors of n.
2, 3, 5
Suppose -2*o - 8 = -4*v, -5*o - 5 - 5 = 0. List the prime factors of (v + -3)*(-6)/4.
3
Let w be -1 - 1/(2/(-12)). Let b(o) = 2*o - 6. What are the prime factors of b(w)?
2
Suppose 0*f + 20 = 4*f. Suppose 0 = f*n - 81 - 139. Suppose 4*m - n = 2*m. What are the prime factors of m?
2, 11
Let z(k) = -k**3 + 3*k**2 + 2*k + 3. List the prime factors of z(-2).
19
Suppose -5*t + 59 + 136 = 0. List the prime factors of t.
3, 13
Let o be ((-66)/(-9))/(2/(-6)). Let f be (-1 - 7)/((-2)/8). Let q = o + f. List the prime factors of q.
2, 5
Let m = 6 + -1. Suppose -1 = -d - m, d + 4 = -o. List the prime factors of (-20)/(1 - 3) + o.
2, 5
Let s = -100 + 206. List the prime factors of s.
2, 53
Let z(l) = -l**3 + 5*l**2 - 5*l - 1. Let u be z(4). List the prime factors of (5 - u) + 1 + -3.
2
What are the prime factors of 3 - (32/80 - 472/5)?
97
Suppose 24 = 4*w + 5*u, -24 = -4*w + 2*u - 0*u. Suppose w*d - d - 55 = 0. What are the prime factors of d?
11
Suppose 4*x - 3*x - 5 = 0. Suppose -x*g - 5*h = -35, 5*g - g - 48 = h. List the prime factors of g.
11
Let a(q) = -q - 1. Let c be a(4). Let k(x) = x + 11. What are the prime factors of k(c)?
2, 3
Suppose -6*v = -2*v - 360. What are the prime factors of v?
2, 3, 5
List the prime factors of ((-35)/(-4))/(123/24 + -5).
2, 5, 7
Suppose -4*b + 517 + 323 = 3*c, 2*c = -8. List the prime factors of b.
3, 71
What are the prime factors of -3*4/24*-58?
29
Suppose 2*t + b = 6*b - 31, 0 = 5*t + 3*b. Let g be 1 - (-2 + 0 + t). Suppose -2*j - 4*h = -32, -3*j + g*j + 5*h = 46. List the prime factors of j.
2, 3
Suppose 0 = -5*n - 0*n - 4*p + 2, -5*n + 5*p = -20. Suppose -2 = n*m - m. What are the prime factors of (2 + (-9)/m)*2?
13
Let u be (-126)/(-15) + (-6)/15. Suppose 5*r + 12 = -u, 0 = -4*t + 5*r + 60. What are the prime factors of t?
2, 5
Suppose 0 = -q + 1 + 24. What are the prime factors of q?
5
Let p(u) = u + 8. Let z be p(-7). Let x be ((-12)/4)/(z/(-17)). Suppose -t - 2*y = 4*t - x, 0 = -2*y + 6. List the prime factors of t.
3
Suppose 6*t = t - 30. What are the prime factors of t/(-9) + (-56)/(-6)?
2, 5
Let n = 59 - 28. What are the prime factors of n?
31
Let r(z) = -7*z**2 + 3. Let b(y) = y + 1. Let g be b(5). Let d(t) = -13*t**2 + t + 6. Let k(c) = g*d(c) - 11*r(c). List the prime factors of k(5).
2
Suppose -o + 579 = 2*o. List the prime factors of o.
193
Suppose 4 = 3*t + 1. What are the prime factors of 5/((-15)/(-24)) + t?
3
Let g(z) = -6*z - 3. What are the prime factors of g(-4)?
3, 7
Let a(p) = -p**2 + 8*p. Let w be a(7). Let o = 0 + w. Suppose -o*q + 10 = -2*q. List the prime factors of q.
2
Suppose 3*n + 0*n - 129 = 0. What are the prime factors of n?
43
Suppose m - 124 = 3*i, -i - 97 = -2*m + 151. List the prime factors of m.
2, 31
Suppose -11*i = -13*i + 318. List the prime factors of i.
3, 53
Suppose o + 5*a - 46 = 0, -o + 6*o - 272 = -4*a. What are the prime factors of o?
2, 7
Let g = 34 + -55. Let u = g + 34. List the prime factors of u.
13
List the prime factors of (-2)/(-3) + 2653/21.
127
Let i(c) be the third derivative of c**4/24 + 2*c**3/3 + c**2. Let s be i(-8). Let z(k) = k**2 + 2*k - 5. What are the prime factors of z(s)?
3
Suppose 2*w + 2*w = 108. Let t = w - 15. Suppose 2*h = -3*x + 5 + t, 3*x - 22 = -h. List the prime factors of x.
3
Let x(c) = c + 10. Let v be x(-6). Suppose v*g - 18 = 18. What are the prime factors of g?
3
List the prime factors of (-10 - 172)/(1*-2).
7, 13
Let q be 11/1 + 0 + 0. Let o = -8 + q. What are the prime factors of (-8)/o*45/(-12)?
2, 5
Suppose 0 = 4*j + 59 + 25. Let t = 15 + j. List the prime factors of (t/(-5))/((-1)/(-10)).
2, 3
Suppose -5*x + 4*a + 515 - 75 = 0, -4*a = 20. What are the prime factors of (-8)/(-44) - x/(-22)?
2
Let n = 630 - 425. What are the prime factors of n?
5, 41
Suppose 0*l + 687 = 5*l + 4*h, 5*l - 705 = 5*h. What are the prime factors of l?
139
Let s be (10/30)/(2/6). What are the prime factors of 1 - (s - 2)*3?
2
Let t be 518/(4/2) + 1. Suppose -t = -4*m - 640. What are the prime factors of 1/(-2) + m/(-10)?
3
Let v = 11 + -1. Let k be 24/v + (-4)/10. Suppose -3*u - b = -31, 2*b + 58 = k*u + 2*u. What are the prime factors of u?
2, 3
Let z(n) be the third derivative of 3*n**4/8 - n**3/3 - n**2. Let h be z(2). Suppose 0 = s - 3*s + h. What are the prime factors of s?
2
Let o be -2*((-3)/(-2) + -2). What are the prime factors of 15 + 2 - -1*o?
2, 3
Let g = -38 - -86. Suppose -4*h = n - 3, -4*n + 4*h = -0*n + g. List the prime factors of (4/6)/(n/(-135)).
2, 5
Let p(a) be the second derivative of -a**6/240 - a**5/30 + a**4/6 - 4*a. Let v(l) be the third der